z) = z**3 + 10*z**2 - 11*z - 12. Give o(h).
-12
Suppose 5*k + 5*c = -15, 0 = 5*k + 3*c - 4*c + 39. Let i(v) = -v**2 - 7*v - 2. Let f be i(k). Let l be (9/2)/9*f. Let x(p) = 18*p - 1. Determine x(l).
-19
Let o(z) = -3*z**2 + 2*z - 1. Suppose -5*s + 4*h = -528, 2*h = -4*s + 230 + 208. Suppose s*a - 36 = 104*a. Suppose 3*t + m = -3*m + 18, 3*t + m = a. Give o(t).
-9
Let w(n) = -n**2 - 3*n + 290. Let t be w(-19). Let g(c) = -2*c**2 - 29*c - 24. Determine g(t).
-10
Let t(z) = -2*z - 1. Let j(c) = -c**3 + 3*c - 1. Let i be j(1). Let a(o) = -7*o - 5. Let w(f) = i*a(f) - 5*t(f). What is w(-5)?
-15
Suppose 0 = 4*y + 11 + 13. Let f(l) = -2*l**3 - 30*l**2 - 29*l - 13. Let m be f(-14). Let r(t) = -t**3 - 7*t + m + 1 - 6724*t**2 + 6717*t**2. What is r(y)?
8
Let n be 8/10 - 7752/(-285). Suppose -12*v + 44 + n = 0. Let f(m) = -m**3 + 6*m**2 - 3*m + 12. What is f(v)?
-6
Let y(p) = 2*p**3 - 16*p**2 + 14*p + 8. Suppose -3*d + 2*n + 27 = 0, 0 = -5*n - 3 - 12. Let h be y(d). Let k(r) = -r**2 + 7*r + 5. What is k(h)?
-3
Let p(c) = -c**2 - 5*c - 1. Let o be 5/(3 - (2 - 0)). Suppose -o*n = 3*l + 35, -9 = l - n - 0*n. Let r be (16/l)/(10/25). What is p(r)?
3
Let t(d) = 4*d + 23. Let v = 244 - 238. Let b be (13/((-390)/(-140)))/((-4)/v). Give t(b).
-5
Let b(r) = -2*r - 5. Let m be ((114/(-4))/(2/8))/1. Let q = m + 108. Determine b(q).
7
Let n(s) = -12*s + 272. Suppose -136*a + 843 = 26*a - 2883. What is n(a)?
-4
Let g = -339 + 355. Let d be 15/(3 - 0) - (-15 + g). Let q(i) be the third derivative of -i**6/120 + i**5/30 + 5*i**4/24 + i**3/2 - 2*i**2. Determine q(d).
-9
Let x(o) = -6*o - 13. Let j(c) = -3*c - 7. Let g(v) = -11*j(v) + 6*x(v). Suppose 6*s - k + 49 = 18, 0 = 2*s - k + 11. Calculate g(s).
14
Suppose -411 = 10*z + 1009. Let g = z + 136. Let w(u) = u**2 + 5*u + 6. Give w(g).
12
Suppose 3*o + 95 - 152 = 0. Suppose 6*z - o = -7. Suppose b + 5*j - 12 = z*b, 0 = 3*j - 9. Let f(i) = i**2 - 2*i + 1. What is f(b)?
4
Let g = 11482 + -11535. Let u(k) = -k**2 - 43*k + 530. What is u(g)?
0
Let b(g) = g**3 - 5540 + 3*g**2 + 2774 + 2770. Let t(z) = -z**3 + 5*z**2 + 6*z. Let j be t(6). Let a be (-3)/((j + -2)/(-2)). What is b(a)?
4
Suppose 3*z = -4*q + 156, -q - 3*q + 5*z + 124 = 0. Let v(s) = 6*s - q*s + 8 + 11*s + 16*s. Determine v(6).
-10
Let a(h) = -3*h - 1 + 7*h**2 + 3*h - 18*h**2. Suppose 9 + 10 = -7*l - 4*f, -3*l - 4*f - 15 = 0. Determine a(l).
-12
Let o(z) be the second derivative of 29*z**5/20 + z**4/12 + z**3/2 + z**2/2 + 4708*z. Calculate o(-1).
-30
Let p be 8/56 + (-86)/14. Let f(k) = k - 2*k**2 + 7*k - 82*k**3 + 81*k**3 - 3*k**2. Give f(p).
-12
Let g(n) = 3*n**2 - 3*n**2 - n**2. Suppose -220*r - 28 = -227*r. Suppose -19*d - r = -18*d - v, 5*d = 4*v - 18. Give g(d).
-4
Let a(q) = -101*q**3 + 102*q**3 - 16 - 5 - 15*q + 13*q**2 + 0. Give a(-14).
-7
Let o(l) = -9*l + 3*l + 15 - 2*l + 11*l. Let b(r) = -4*r - 16. Let i(v) = 2*b(v) + 3*o(v). Calculate i(-10).
3
Let p(b) = 0*b - 4 + 6 - 3*b + 2*b. Let r(y) = -y**3 + 5*y**2 - 2*y - 3. Let c be r(4). Suppose -c*n + 4*n = 0. Calculate p(n).
2
Let w(p) = p**3 + 6*p**2 - 8*p - 8. Let z(v) = v**3 - 5*v**2 + 2*v + 7. Let t be z(4). Let c be ((-23)/4)/(t/4). Suppose -c*x - 91 = -10*x. What is w(x)?
-1
Let g be (-34)/85 + (-16)/10. Let n(z) = -5*z**2 - 5*z + 3. Let j(p) = 11*p**2 + 12*p - 7. Let s(a) = -3*j(a) - 7*n(a). What is s(g)?
10
Let s(k) = -11*k - 15 - 36 + 5. Let i be s(-4). Let a(g) = -g**2 - 2*g - 3. Give a(i).
-3
Let x(c) = -5*c. Let p(l) = 16 + 8 - l - 37 + 12. Let d(v) = -2*p(v) - x(v). What is d(-3)?
-19
Let r(v) be the second derivative of -v**3/6 + 2*v**2 + v. Let y(m) = -m**2 - 1206*m + 13393. Let u be y(11). What is r(u)?
-2
Let h(u) = -u + 4*u - 7 + 0*u - 2*u. Let r(o) = -o**3 + 15*o**2 - 26*o + 5. Let z be r(13). Suppose 15 = -z*v + 3*n, 0 = -10*v + 7*v + 2*n - 10. Determine h(v).
-7
Let u(p) = 1391*p + 2 - 1382*p + 0. Give u(3).
29
Let f(k) = -13*k - 97. Let s be f(-7). Let h(i) = 16*i**2 + i - 11. Let g(n) = -18*n**2 - n + 13. Let z(w) = s*h(w) - 5*g(w). Give z(2).
-25
Let j(v) = -v**2 + 7*v + 27. Let u be j(0). Let k(m) be the second derivative of 0*m**2 - u*m + 1/12*m**4 + 5/6*m**3 + 0. Calculate k(-4).
-4
Let h(d) = -2*d**3 + 12*d**2 - 8*d - 12. Let j = 14091 - 14086. What is h(j)?
-2
Let r = -49 - -52. Let a(s) = 5*s**2 + 2*s - 6. Calculate a(r).
45
Let t(u) = 221 - 644 + 219 + 212 + 3*u**2 + 5*u - 2*u**3. Calculate t(-3).
74
Let n(b) = -20*b + 91. Suppose -3*q = 5*j, 5*j + 30 = 18*q - 15*q. Give n(q).
-9
Let l(j) be the first derivative of -j**3/6 + 4*j**2 - 9*j + 5. Let v(b) be the first derivative of l(b). Let n be (-30)/4*(-8)/10. What is v(n)?
2
Let v(b) = 19*b + 24*b + 1 - 53*b. Let j = 106 - 103. Give v(j).
-29
Let a be (((-6)/(-4))/(-3))/((-80442)/2296 + 35). Let m(u) = 3*u**2 - 3*u - 1 - 2*u**2 - 10*u. Determine m(a).
13
Suppose 14*d = -1175 + 1105. Let y(h) = -2*h**2 - h + 12. Calculate y(d).
-33
Let b be 1/(-5) - ((-234)/(-30) + -1). Let u(x) = 14*x**3 - 6*x**2 - 2*x**3 + 8 + 11*x - 13*x**3. What is u(b)?
-20
Suppose -3*r + 17 = 2. Let m(j) = 1 - 3 - r*j + 1. Let q(l) = 52*l - 470. Let c be q(9). Calculate m(c).
9
Let u(d) be the second derivative of d**5/60 + 7*d**4/24 - 3*d**3 - 14*d. Let t(w) be the second derivative of u(w). Let j be 7/(4 + -7 + 2). What is t(j)?
-7
Let f(r) = -r + 1 - 2*r**2 + 4*r**2 + r**3 - r**2. Let o be ((-192)/128)/(1/(-292)). Suppose -o + 458 = -10*n. Determine f(n).
-1
Let z(n) = -7*n + 11. Let w(x) = -15 + 17 + 19 - 13*x. Let c(b) = 6*w(b) - 11*z(b). Give c(-8).
13
Suppose -8*p + v + 37 = 0, 3*v + 6 = 16*p - 13*p. Let l(r) = -171*r + 861. Calculate l(p).
6
Suppose 0 = -2279*c + 2281*c - 8. Let w(l) be the third derivative of 0*l**3 + 0*l + 1/24*l**c + 0 + 5*l**2. Determine w(-4).
-4
Let q(x) be the first derivative of 3*x**2 - x - 1. Let g be 3968/2232 - (-14)/(-18). Determine q(g).
5
Suppose -3*a + 304 = -71. Suppose -11*x = -15 + a. Let d(i) = i**3 + 9*i**2 - 11*i + 11. Determine d(x).
21
Suppose -4*k = 75*x - 68*x - 14, 0 = -3*k + 4*x + 66. Let t(h) = -9*h + 106. Determine t(k).
-20
Let x(h) = h**2 - 8*h - 13. Let b(c) = c**3 - 20*c**2 + 24*c - 84. Suppose -912 = 16*l - 64*l. Let p be b(l). Calculate x(p).
20
Let p = -6 - -3. Let a(u) be the first derivative of 3*u + 2*u**2 + 2/3*u**3 - 56. Give a(p).
9
Let z(y) = y**3 + 4*y**2 - 7*y - 1. Let o(r) = -r - 5. Let j be o(-9). Suppose -j*l = 2*i + 6, l - 18 = -4*i - l. Suppose -i*v = 6*v + 65. What is z(v)?
9
Let k(t) = t**2 + 3*t - 11. Let w be 0/(-8)*(1/(-30))/(26/(-156)). Give k(w).
-11
Let k(q) = q**3 + 7*q**2 - q + 2. Let l be k(-7). Suppose 3*s = l*s - 48. Let h(o) = o + s + o + o - 2*o. Give h(-4).
4
Suppose 75 = 3*y + 87. Let d(x) = -x**3 - 7*x**2 - 3*x + 12. Calculate d(y).
-24
Let o(s) be the second derivative of s**4/12 - 7*s**3/6 - s. Suppose -2125 - 1711 = -548*q. Give o(q).
0
Let r(j) = -j**3 + 7*j**2 - j - 3. Let b be (-12)/10 - (-3)/15. Let z(x) be the second derivative of -x**2/2 - x. Let k(g) = b*r(g) - 2*z(g). What is k(7)?
12
Let q = -1 + 3. Let x(w) = -15*w**q + 11*w**2 + 7 - 4*w + 9*w**2 + w**3. What is x(-6)?
-5
Let f(w) be the second derivative of w**3/3 + 2*w**2 + 322349*w. Suppose 0*q - 3*q + 9 = 0. Suppose -4*g - 5 - 11 = 3*h, q*g + 12 = 4*h. Determine f(g).
-4
Let u = -2 + 5. Suppose 61*z = -36*z + 679. Let r(k) = -k + 1 + 6*k**2 - 7 + k**u + 4*k**2 + z. Give r(-10).
11
Let v(p) = 6*p + 138. Suppose 0 = 228*y + 4604 + 640. Determine v(y).
0
Let j(o) = -2*o**2 - o + 1. Let z(w) = 7*w**2 + 35*w - 5. Let a(m) = 8*m**2 + 33*m - 4. Let d(k) = -7*a(k) + 6*z(k). Let b(f) = d(f) - 6*j(f). Give b(-7).
-1
Let q(n) = n + 7. Suppose 0 = -74*o + 75*o - 3. Suppose -o*f = -5*y + 25, -f - 3 - 8 = -3*y. Calculate q(f).
2
Let x(p) be the second derivative of p**5/20 + p**4/2 - 3*p**3/2 + p**2 - 2236*p. Give x(-7).
16
Let v(p) = 5*p + 137. Let h be v(-27). Let c(m) = 4 + 2 - m**h - 5 + 0*m**2 + 9*m. What is c(8)?
9
Let i(f) = -f - 10. Let r = 926 + -921. Suppose -3*l = -8*l - 5*h - 15, -r*l + 9 = -3*h. Determine i(l).
-10
Let s(k) = -2*k**2 - 11*k + 23. Let l be (-266)/76*(6 - 4). What is s(l)?
2
Let v(p) = -46*p + 34*p + 11*p. Let q(k) = -k. Let z = 1 + 0. Let a(j) = z*q(j) - 2*v(j). What is a(-3)?
-3
Let t(i) = 55*i + 24. Let g(r) = -13*r + 2. Let q(a) = -4*g(a) - t(a). Give q(-12).
4
Suppose -1